t q(k) = k**2 - 6*k + 7. Let f be q(5). Suppose 3*a - h = 3, f*a = h - d*h + 16. What are the prime factors of a?
2
Let t(i) = -i**3 - 8*i**2 + i. Let q be t(-6). What are the prime factors of (7/(-21))/(2/q)?
13
Let w = -35 + 20. Let s be (-6)/(0 + -2)*w. Let r = -31 - s. What are the prime factors of r?
2, 7
Let x = 8 - 5. Suppose 9 + x = -v. Let i = 2 - v. What are the prime factors of i?
2, 7
Let g(h) = -h**2 + h - 1. Let s be g(2). Let f = s + 3. Let x = f - -7. What are the prime factors of x?
7
Let s(n) = 2*n**2 + 2*n - 4. Let l be s(-3). Suppose -4*m - g = -3, g - 2*g = -5*m + 6. Suppose -m = -c + l. List the prime factors of c.
3
Let q(l) = l**3 - 12*l**2 - 4. Let z be q(12). What are the prime factors of (z/1)/(5/(-10))?
2
Let k be -4*(-1)/((-2)/1). List the prime factors of (k/2)/((-1)/13).
13
Let c be 0/(0 + (-2 - -3)). Suppose -b = -c*b - 6. What are the prime factors of b?
2, 3
Let b(d) = -d + 1. Let z be b(-2). Let s(o) = -5 + 4 + 2 + 4*o. List the prime factors of s(z).
13
Let v(x) = -3*x**2 + 2*x**2 - x + 3 + 2*x**2 - 2*x**2. Let b be v(-4). Let m = b + 16. List the prime factors of m.
7
Let c(d) be the first derivative of d**4/4 + 7*d**3/3 + 3*d**2 + 4*d + 7. List the prime factors of c(-4).
2, 7
What are the prime factors of 76 + (-4 - -1)/(-3)?
7, 11
What are the prime factors of -1 - (-6)/2 - -24?
2, 13
Suppose -3*k - 34 - 89 = 0. Let o be -4*(k/4 - 1). Suppose 4*m = 3*w + 2*m - o, 4*m = 2*w - 30. What are the prime factors of w?
3, 5
Suppose -2*g + 0*g + 6 = 0. Suppose -3*m + a + 32 = -a, g*m - 3*a - 36 = 0. What are the prime factors of m?
2
Suppose 4*p + 3*q + 13 + 30 = 0, 0 = -3*p - 5*q - 46. Let n(d) = 10*d**2 + 4*d - 7. Let g be n(p). What are the prime factors of g/28 + 6/8?
17
Let r = 206 - 120. List the prime factors of r.
2, 43
Suppose -11*u + 25 = -10*u. List the prime factors of u.
5
Let d(k) = 2*k**3 - 4*k**2 - k + 4. What are the prime factors of d(5)?
149
Let s be (14/(-21))/(2/(-6)). Suppose -1 = -s*y + 3*a, -5*y + 30 = a - 15. What are the prime factors of y?
2
Suppose -2*j = -4 + 16. Let c = 7 - j. What are the prime factors of c?
13
Let r(t) = t**2 + 5*t + 7. Let o be r(-5). Let j(h) = 2*h**2 + 5. Let x be j(4). Suppose -x = -5*f - o. What are the prime factors of f?
2, 3
Suppose -129 - 55 = -4*m. What are the prime factors of m?
2, 23
Let c be (-6)/15 + 2736/(-10). What are the prime factors of c/(-18) - 2/9?
3, 5
Suppose 4*y + 0*y - 8 = 0. Suppose 4*k - 3*n - 17 - 3 = 0, -y*k - 12 = 4*n. Suppose 4*x - 44 = -k*j, 2*x = -2*j + 6*x + 20. List the prime factors of j.
2
Let n = 1 + 1. Let p be n/4*5*2. Suppose 10 - 26 = -2*l - 4*z, p*z = 2*l - 7. List the prime factors of l.
2, 3
Let o(l) = 2*l + 6. Let k(y) = y**3 + 5*y**2 + 5*y + 2. Let t be k(-3). What are the prime factors of o(t)?
2
Suppose 6*z - 5*i - 153 = 5*z, -2*z + 3*i = -334. List the prime factors of z.
173
Let f(y) = y**2 - 2. List the prime factors of f(7).
47
Let i(j) be the second derivative of j**4/6 - j**3/2 + j**2 + 3*j. What are the prime factors of i(-3)?
29
Let v(d) = -4*d**3 + d**2 - 3. What are the prime factors of v(-2)?
3, 11
Let b(g) = g**2. Let u be b(2). Suppose m = 2*f + 9, u*f = -f - 15. What are the prime factors of m?
3
Let c(q) = -q. What are the prime factors of c(-9)?
3
List the prime factors of 72/32*(-1)/((-3)/108).
3
Let k = -3 - -2. Let j be (-2 - -1)/(k/4). Let a(t) = -t**2 + 7*t - 4. What are the prime factors of a(j)?
2
Let t(r) = 8*r. List the prime factors of t(11).
2, 11
Let n(v) = v**3 - 4*v**2 - v. What are the prime factors of n(6)?
2, 3, 11
Let y(h) = -2*h**3 - 3*h**2 + 3*h - 7. List the prime factors of y(-4).
61
Let b be 6/14 + 1746/42. Suppose -2*g = g - b. List the prime factors of g.
2, 7
Let t = 145 - 27. What are the prime factors of t?
2, 59
Let v(q) = q**3 - 3*q**2 - 7*q. Let a be v(5). Suppose -3*t - b + a = -2*b, 0 = t - b - 5. What are the prime factors of t?
5
Let m be (3 + -4 - 1) + 6. Suppose -29 = -m*g + 39. List the prime factors of g.
17
Suppose 6*r - 8*r + h + 125 = 0, 253 = 4*r - 5*h. What are the prime factors of r?
2, 31
Suppose 7*r + 262 = 1249. What are the prime factors of r?
3, 47
Let q be 2/((-4)/(-18)) - 2. Suppose q*x - 64 = 3*x - 4*m, 3*x - 56 = -5*m. What are the prime factors of x?
2, 3
Let h = 9 - 9. Suppose h = -2*r + 2*m + 38, -2*r - 5*m - 63 = -5*r. List the prime factors of r.
2
Let k = 74 - 123. What are the prime factors of 1/(-3) - k/3?
2
Let i(g) = -g**3 - 6*g**2 + 4*g - 10. Let t be i(-7). Let s = t + -5. What are the prime factors of 4/s*(-30)/(-4)?
5
Let g be (2/(-6))/((-2)/42). Suppose 8 = 3*n - g. List the prime factors of n.
5
Let q = -16 + 23. Let m(h) = -h**2 + 7*h + 9. List the prime factors of m(q).
3
Suppose -3*p - 3*i + 201 = -0*i, 4*p - 269 = -3*i. Let n = p + -35. List the prime factors of n.
3, 11
Let s(j) = j**2 + 5*j - 1. Let p be s(-6). Let h(w) = -w**2 + 8*w + 2. Let v be h(8). Suppose -q + l + 17 = p*l, -q + v*l - 1 = 0. List the prime factors of q.
5
Suppose -4*x = i + 8 + 13, -5 = x. Let h be 0 + -2 + 5 + i. Suppose k - 4*n = 13, 19 = -0*k + h*k - n. List the prime factors of k.
3
Suppose -5*s + s = -20. Suppose 0*g - s*g = 0. Suppose g = -u - 5*r + 47 - 8, 3*u + 2*r = 65. List the prime factors of u.
19
Suppose 2*c - 5*u + u = -4, -4*c + 18 = 5*u. List the prime factors of (10 + c)*(-24)/(-9).
2
Let j(h) = 3*h**3 - 4*h**2 - 3*h + 7. Let q(m) = -4*m**3 + 4*m**2 + 3*m - 8. Let x(t) = -3*j(t) - 2*q(t). What are the prime factors of x(4)?
7
Let i = 3 + -5. Let q(d) = 2*d**3 + d**2 - d + 2. Let f be q(-2). Let l = i - f. What are the prime factors of l?
2, 3
Let o(q) be the first derivative of -q**2/2 + q - 1. Let c be o(-4). Suppose -3*v - c*k + 14 = 0, 5*v - 2*k - 4 = 3*v. What are the prime factors of v?
3
Let a = 11 - 8. Let s(r) = -r**3 + 3*r**2 + 2*r + 2. Let d be s(a). Let k = d + -6. List the prime factors of k.
2
Let a = 31 - 22. What are the prime factors of a?
3
Let w(d) = d - 4. Let p be w(10). Let g be p/(-2)*(-1 + -4). Suppose 0 = -0*x - 5*x + g. List the prime factors of x.
3
Suppose 193 = 3*m - 167. Suppose k + 4*k - m = 0. List the prime factors of k.
2, 3
Let b(l) = 2*l**2 - 1 + 0*l + 1 - l - 2. Suppose 5*u - 6 = 2*u. What are the prime factors of b(u)?
2
Let h(k) = 5*k**2 - 4*k - 3. Let f be h(-2). Let q = 47 - f. List the prime factors of q.
2, 11
Suppose 5*u + 15 = 0, 2*n - 2*u - 14 - 10 = 0. Suppose -n*r = -4*r - 70. List the prime factors of r.
2, 7
Let u = 357 - 222. What are the prime factors of u?
3, 5
Suppose -4*o + 56 = -12. List the prime factors of o.
17
Let i = 1 - -3. Let a(z) = -2*z**2 + 5*z + 1. Let f be a(i). Let b = 16 + f. List the prime factors of b.
5
Let l(n) = 1 + 2*n - 4*n**3 - n**2 + 4*n**3 - 2*n**3. Let x be l(-2). Let b = -5 + x. What are the prime factors of b?
2
What are the prime factors of (-3 + 4)/(5/355)?
71
Suppose -8 = h - 3*h. Let v = 0 + h. What are the prime factors of v?
2
Suppose 3*m - 70 = 23. Suppose -4*d - d = 4*n + 10, 0 = -d + 5*n - m. Let z = d + 24. List the prime factors of z.
2, 3
Suppose -2*x = -0 + 8. List the prime factors of (-1 - 8)/(2/x).
2, 3
Let m = 8 - 15. Let u = m - -10. List the prime factors of u.
3
Let f(l) = l**2 + 6*l + 2. Let i be f(-5). Let q = 4 - i. List the prime factors of q.
7
Suppose 0 = 20*b - 18*b - 12. List the prime factors of b.
2, 3
Suppose -6*a + 130 = -2*a + 3*l, -4*a = -4*l - 116. List the prime factors of a.
31
Suppose 5*u = 28 - 13. Let o be (-3)/6*(-3 - u). Suppose -o - 7 = -2*l. What are the prime factors of l?
5
Suppose 0*i + i = 34. Let t be (2 + 8)*2 + -2. Suppose 0 = -o - 4*n + 26, t + i = 4*o + 3*n. What are the prime factors of o?
2, 5
Let l(j) = j**3 - 2*j - 1. Let b be l(3). Suppose -4*o + a = 2*a + 49, 25 = -5*a. Let p = b + o. What are the prime factors of p?
3
Suppose 4*h - 3 = -u, 3*u - 6*u + 2*h + 9 = 0. What are the prime factors of u?
3
Suppose -2*h + p + 99 = -h, -3*h - p = -293. What are the prime factors of h?
2, 7
Let u(j) = -14*j**3 + 3*j**2 + 2*j + 1. List the prime factors of u(-2).
11
Let a be (-2)/(-4) + (-15)/(-6). Let z = 4 - 2. Suppose -u - a = -z*u. What are the prime factors of u?
3
Let i = 69 + -28. List the prime factors of i.
41
Let z be ((-1)/3)/((-7)/63). Suppose 2*q - 2*w - z = 7, -25 = -5*q + 2*w. List the p